*w**3 + 45*w**2 + 8*w - 12. What is b(15)?
108
Let u(b) = -5*b**3 + 23*b**2 + 52*b - 16. What is u(6)?
44
Let h(c) = 166*c**2 - 106*c - 6. What is h(1)?
54
Let l(s) = 3*s**2 + 131*s + 1191. Calculate l(-13).
-5
Let i(p) = 5*p**2 - 9*p - 334. Determine i(9).
-10
Let d(p) = -961*p + 4676. Determine d(5).
-129
Let h(a) = 1193*a + 1201. Calculate h(-1).
8
Let l(a) = a**3 - 6*a**2 - 27*a + 145. Calculate l(6).
-17
Let v(y) = y**3 + 15*y**2 - 57*y - 12. What is v(-18)?
42
Let p(r) = -r**3 + 7*r**2 - 8*r + 376. What is p(10)?
-4
Let x(w) = 4*w**2 + 222*w + 848. Determine x(-4).
24
Let p(c) = c**2 - 17*c + 38. Give p(25).
238
Let w(y) = 3*y**3 + 60*y**2 + 148*y - 25. Give w(-17).
60
Let o(y) = y**3 - 4*y**2 + 120*y - 478. Calculate o(4).
2
Let g(b) = -11546*b - 23091. What is g(-2)?
1
Let x(i) = 16*i + 721. Determine x(-52).
-111
Let f(q) = -q**3 + 9*q**2 + 214*q - 1598. Calculate f(7).
-2
Let w(h) = -2876*h - 17257. Calculate w(-6).
-1
Let o(d) = -d**3 - 8*d**2 - 2*d + 6. Calculate o(-7).
-29
Let x(s) = -153*s - 1175. What is x(-7)?
-104
Let j(g) = -2*g**3 - 4*g**2 - 151*g - 286. Give j(-2).
16
Let x(o) = -3*o**2 - 55*o - 314. Calculate x(-8).
-66
Let z(p) = p**3 + 12*p**2 - 17*p - 58. Give z(-12).
146
Let q(n) = 1633*n - 44087. Give q(27).
4
Let y(d) = -2*d**2 + 318*d - 322. Determine y(158).
-6
Let i(p) = -p**3 + 30*p**2 + 22*p + 1337. Calculate i(32).
-7
Let a(m) = -m**3 + 8*m**2 - 23*m - 6. Determine a(3).
-30
Let s(m) = -3*m**2 - 91*m + 1221. What is s(10)?
11
Let v(y) = -196*y + 12181. Determine v(62).
29
Let b(y) = -10*y**2 - 79*y + 112. What is b(-9)?
13
Let l(s) = 5*s**2 + 34*s - 22. Determine l(-5).
-67
Let t(m) = m**2 - 4*m - 23. What is t(0)?
-23
Let k(j) = j**3 - 8*j**2 + 23*j + 2. Determine k(8).
186
Let k(v) = v**3 - 22*v**2 + 17*v + 33. What is k(21)?
-51
Let q(y) = y**2 + 85*y - 2217. Calculate q(20).
-117
Let h(t) = t**2 - 18*t + 133. What is h(7)?
56
Let c(g) = -g**3 - 3*g**2 - 31*g - 30. Determine c(-1).
-1
Let d(k) = 438*k + 16634. Calculate d(-38).
-10
Let x(s) = s**3 - 56*s**2 - 179*s - 5. Give x(-3).
1
Let l(u) = -25*u**2 - 401*u - 20. Determine l(-16).
-4
Let m(a) = -2*a**3 - 90*a**2 - 77*a + 485. Determine m(-44).
1
Let g(q) = -103*q - 507. Give g(-5).
8
Let l(z) = -2*z**2 - 33*z + 49. Give l(-20).
-91
Let k(h) = -21*h - 367. Determine k(-11).
-136
Let t(s) = 20*s**2 + 499*s - 19. Calculate t(-25).
6
Let n(y) = -9*y + 488. What is n(48)?
56
Let g(o) = -2*o**2 + 35*o - 218. What is g(9)?
-65
Let x(z) = -10*z + 477. Calculate x(50).
-23
Let f(j) = -20*j - 22. What is f(-2)?
18
Let d(j) = -2*j**3 + 42*j**2 - 44*j - 42. Determine d(20).
-122
Let d(c) = -2*c**3 - 2*c**2 + 57*c - 285. Give d(0).
-285
Let o(u) = -18*u**2 - 252*u + 15. Calculate o(-14).
15
Let z(d) = -2*d**2 - d + 189. Calculate z(12).
-111
Let g(h) = -h**3 - 2*h**2 - 4*h - 39. Give g(0).
-39
Let w(f) = 11*f**3 + 8*f**2 - 6*f. Determine w(1).
13
Let p(d) = 5*d**3 - 251*d**2 + 53*d - 149. Give p(50).
1
Let o(v) = 4*v**2 - 52*v - 228. Determine o(-4).
44
Let y(k) = k**2 - 236*k + 1603. Determine y(7).
0
Let z(f) = f**3 - 7*f**2 - 3*f + 9. Determine z(-3).
-72
Let v(y) = 25*y + 90. Give v(-3).
15
Let n(k) = k**3 + 2*k**2 + 20*k + 167. Calculate n(-5).
-8
Let z(u) = -u**2 - 55*u - 33. Determine z(0).
-33
Let k(t) = t**3 + 3*t**2 - 81*t + 48. Calculate k(7).
-29
Let q(o) = 9*o - 174. What is q(38)?
168
Let k(c) = -105*c - 2. What is k(2)?
-212
Let o(q) = -1361*q + 2954. Give o(2).
232
Let f(a) = -a**2 - 47*a + 202. Determine f(4).
-2
Let f(x) = 133*x**2 + 6*x - 3. Give f(-1).
124
Let d(j) = -2*j**3 - 263*j**2 - 519*j - 50825. Determine d(-131).
3
Let c(b) = 633*b - 13285. What is c(21)?
8
Let i(q) = -q**2 + 815*q - 166034. Calculate i(402).
-8
Let c(j) = -4*j**2 + 28*j + 117. Determine c(13).
-195
Let g(j) = j**3 - 8*j**2 + 5*j - 26. What is g(7)?
-40
Let j(u) = 4*u**2 + 212*u - 897. What is j(-57)?
15
Let l(g) = 16*g**2 + 42*g - 107. Determine l(3).
163
Let f(g) = 4*g**2 + 31*g - 4. Determine f(-7).
-25
Let z(v) = -29*v + 128. Determine z(5).
-17
Let a(l) = l**2 + 36*l + 320. Determine a(-18).
-4
Let x(u) = -u**3 + 8*u**2 + 33*u + 15. Determine x(11).
15
Let c(v) = 3*v**2 - 118*v + 43. Calculate c(39).
4
Let l(f) = -f**2 + 199*f - 3368. What is l(18)?
-110
Let q(d) = 2*d**2 + 25*d + 37. What is q(-15)?
112
Let f(g) = 3*g**2 - 51*g - 61. What is f(18)?
-7
Let k(m) = -3*m**3 + 49*m**2 - 204*m + 145. What is k(10)?
5
Let p(q) = q**3 - 35*q**2 - 93*q - 230. What is p(38)?
568
Let j(q) = q**2 - 7*q + 16. Give j(-3).
46
Let d(k) = 1158*k + 67149. Give d(-58).
-15
Let v(g) = 808*g + 27480. Give v(-34).
8
Let k(s) = -487*s + 29713. Calculate k(61).
6
Let p(n) = 938*n - 1783. Give p(2).
93
Let j(g) = -3*g**3 - 13*g**2 - 4*g - 67. Give j(-5).
3
Let g(q) = q**3 + 10*q**2 + 31*q + 53. Calculate g(-6).
11
Let v(d) = -2*d**2 + 144*d - 595. Calculate v(67).
75
Let y(j) = -5*j**2 + 132. What is y(6)?
-48
Let g(s) = -s**3 - 225*s**2 - 2556*s - 6. Calculate g(-12).
-6
Let z(x) = -6*x - 410. Give z(-66).
-14
Let i(v) = 5*v**2 + 78*v - 6. Give i(-14).
-118
Let a(r) = 90*r - 369. Determine a(4).
-9
Let q(j) = -j**3 + 33*j**2 - 6*j + 157. What is q(33)?
-41
Let q(j) = 8*j**2 + 26*j - 582. What is q(-10)?
-42
Let a(n) = 613*n - 31262. Calculate a(51).
1
Let h(p) = -13*p**3 - 4*p**2 + 3. Determine h(-1).
12
Let x(y) = 92*y**2 + 186*y + 374. What is x(-2)?
370
Let j(b) = -2*b**3 - 24*b**2 + 21*b + 41. Give j(-13).
106
Let x(o) = 9*o**2 + 77*o + 163. Determine x(-3).
13
Let y(j) = -j**3 + 16*j**2 + 11*j + 103. What is y(17)?
1
Let k(t) = -2*t - 118. What is k(-43)?
-32
Let p(j) = 2*j**3 - j**2 - 45*j - 64. What is p(-3)?
8
Let k(w) = 11*w**2 - 30*w - 149. Calculate k(6).
67
Let b(y) = -266*y - 15694. Give b(-59).
0
Let d(o) = -o**3 - 8*o**2 - 15*o - 112. Calculate d(-8).
8
Let s(j) = 4*j**3 - 19*j**2 + 111*j - 564. What is s(5)?
16
Let x(z) = -55*z + 2044. What is x(37)?
9
Let t(s) = 2715*s - 108606. Determine t(40).
-6
Let x(q) = q**3 - 18*q**2 - 358*q - 60. What is x(30)?
0
Let s(o) = -o**3 + 37*o**2 - 33*o - 114. Calculate s(36).
-6
Let f(z) = -34*z**2 + 682*z - 51. What is f(20)?
-11
Let r(h) = -203*h - 6491. Calculate r(-32).
5
Let u(j) = -8*j**2 + 382*j + 3183. Determine u(55).
-7
Let z(g) = 18*g**2 - 3*g + 22. What is z(3)?
175
Let n(t) = t**2 + 356*t + 3461. Calculate n(-10).
1
Let t(n) = -3*n**2 - 124*n - 495. What is t(-36)?
81
Let h(c) = -2*c**3 - 12*c**2 + 7*c + 18. Give h(-6).
-24
Let k(h) = -9*h**2 - 11*h - 27. Calculate k(-3).
-75
Let s(t) = 133*t - 13385. Calculate s(101).
48
Let x(p) = 150*p + 304. What is x(-2)?
4
Let z(k) = k**2 + 14*k - 367. What is z(-37)?
484
Let x(q) = 2*q**3 + 156*q**2 + 18. What is x(-78)?
18
Let w(q) = 60*q + 8028. Calculate w(-134).
-12
Let w(h) = -h**3 + 72*h**2 + 6*h - 753. Calculate w(72).
-321
Let m(t) = 17*t + 133. Calculate m(-5).
48
Let w(f) = -2*f**2 + 47*f - 18. Calculate w(26).
-148
Let p(q) = 118*q**2 - 1429*q + 160. Determine p(12).
4
Let m(s) = -s**2 + 14*s - 49. Determine m(4).
-9
Let f(p) = 40*p**2 + 481*p + 17. What is f(-12)?
5
Let x(r) = -2*r**3 - 120*r**2 + 114*r - 493. Determine x(-61).
-5
Let z(p) = -p**3 - 8*p**2 + 5*p + 77. Determine z(-4).
-7
Let a(i) = 3*i**2 + 118*i + 672. What is a(-7)?
-7
Let z(c) = -c**3 + 34*c**2 + 114*c - 105. What is z(37)?
6
Let a(h) = 169*h - 456. Calculate a(2).
-118
Let r(m) = 4432*m + 48746. What is r(-11)?
-6
Let y(f) = -f**2 + 188*f - 1085. Give y(6).
7
Let j(c) = -341*c + 14656. Calculate j(43).
-7
Let k(a) = 4*a**2 + 11*a - 5. What is k(-4)?
15
Let k(a) = -84*a + 1077. Calculate k(14).
-99
Let q(t) = 19*t**2 - 1303*t - 547. Calculate q(69).
5
Let g(b) = 233*b**2 - 17*b + 17. Determine g(1).
233
Let n(j) = -j**3 + 14*j**2 - 2*j - 13. Determine n(0).
-13
Let i(x) = -x**2 - 270*x + 17872. Determine i(55).
-3
Let q(t) = -t**3 - 67*t**2 - 40*t - 2681. Calculate q(-67).
-1
Let p(v) = 2*v**2 + 317*v + 1548. Calculate p(-5).
13
Let w(y) = -210*y**2 + 1265*y - 27. Calculate w(6).
3
Let n(i) = -207*i + 1734. Give n(8).
78
Let q(d) = 210*d + 223. What is q(-2)?
-197
Let s(u) = -u**2 + 850*u + 8707. What is s(-10)?
107
Let w(d) = -2*d**3 - 18*d**2 - 5*d - 24. Determine w(-8).
-112
Let p(w) = w**3 + 43*w**2 + 459*w - 23. Calculate p(-23).
0
Let b(a) = a**3 + 62*a**2 - 67*a - 250. Give b(-63).
2
Let a(z)